{"id":11661,"date":"2021-10-22T14:37:39","date_gmt":"2021-10-22T12:37:39","guid":{"rendered":"https:\/\/costumes-urbains.com\/?page_id=11661"},"modified":"2022-01-03T14:36:34","modified_gmt":"2022-01-03T13:36:34","slug":"mai-2021-angelique-marquise-des-anges","status":"publish","type":"page","link":"https:\/\/costumes-urbains.com\/?page_id=11661","title":{"rendered":"(Mai 2021) Ang\u00e9lique  marquise des anges"},"content":{"rendered":"<h2 style=\"text-align: center;\"><span style=\"font-size: 24pt;\"><strong><em>Il faut cliquer sur les Titres pour acc\u00e9der aux fiches d\u00e9taillant toute la\u00a0 r\u00e9alisation\u00a0 (liens rapides) \u00e9tape par \u00e9tape du costume<\/em><\/strong><\/span><\/h2>\n<p style=\"text-align: center;\"><span style=\"font-size: 14pt;\"><strong><a href=\"https:\/\/costumes-urbains.com\/?p=11390\" target=\"_blank\" rel=\"noopener noreferrer\">Ang\u00e9lique marquise des anges<\/a><\/strong><\/span><\/p>\n<p style=\"text-align: center;\"><span style=\"font-size: 14pt;\"><strong><img decoding=\"async\" src=\"https:\/\/costumes-urbains.com\/wp-content\/uploads\/2021\/08\/540988afbc8233e54f25dad0c9bff747-1.jpg\" \/><\/strong><\/span><\/p>\n<p style=\"text-align: center;\"><span style=\"font-size: 14pt;\"><strong><a href=\"https:\/\/costumes-urbains.com\/?p=11420\" target=\"_blank\" rel=\"noopener noreferrer\">Ang\u00e9lique marquise des anges : le coussin de taille et le jupon<\/a><\/strong><\/span><\/p>\n<p style=\"text-align: center;\"><span style=\"font-size: 14pt;\"><strong><img decoding=\"async\" src=\"https:\/\/costumes-urbains.com\/wp-content\/uploads\/2021\/08\/bo003.jpg\" \/><\/strong><\/span><\/p>\n<p style=\"text-align: center;\"><span style=\"font-size: 14pt;\"><strong><a href=\"https:\/\/costumes-urbains.com\/?p=11454\" target=\"_blank\" rel=\"noopener noreferrer\">Ang\u00e9lique marquise des anges : le corps \u00e0 baleine 1780<\/a><\/strong><\/span><\/p>\n<p style=\"text-align: center;\"><span style=\"font-size: 14pt;\"><strong><img decoding=\"async\" src=\"https:\/\/costumes-urbains.com\/wp-content\/uploads\/2021\/08\/co05.jpg\" \/><\/strong><\/span><\/p>\n<p style=\"text-align: center;\"><span style=\"font-size: 14pt;\"><strong><a href=\"https:\/\/costumes-urbains.com\/?p=11539\" target=\"_blank\" rel=\"noopener noreferrer\">Ang\u00e9lique marquise des anges : le manteau de robe partie 1<\/a><\/strong><\/span><\/p>\n<p style=\"text-align: center;\"><span style=\"font-size: 14pt;\"><strong><img decoding=\"async\" src=\"https:\/\/costumes-urbains.com\/wp-content\/uploads\/2021\/08\/cor09.jpg\" \/><\/strong><\/span><\/p>\n<p style=\"text-align: center;\"><span style=\"font-size: 14pt;\"><strong><a href=\"https:\/\/costumes-urbains.com\/?p=11542\" target=\"_blank\" rel=\"noopener noreferrer\">Ang\u00e9lique marquise des anges : le manteau de robe partie 2<\/a><\/strong><\/span><\/p>\n<p style=\"text-align: center;\"><span style=\"font-size: 14pt;\"><strong><img decoding=\"async\" src=\"https:\/\/costumes-urbains.com\/wp-content\/uploads\/2021\/08\/tr08.jpg\" \/><\/strong><\/span><\/p>\n<p><span style=\"font-size: 14pt;\"><a href=\"https:\/\/costumes-urbains.com\/?p=11556\" target=\"_blank\" rel=\"noopener noreferrer\">Ang\u00e9lique marquise des anges : le bilan<\/a><\/span><\/p>\n<p><span style=\"font-size: 14pt;\"><img decoding=\"async\" src=\"https:\/\/costumes-urbains.com\/wp-content\/uploads\/2021\/09\/200326579_4251018671586744_4782217603722171128_n.jpg\" \/><\/span><\/p>\n<p><span style=\"font-size: 14pt;\"><a href=\"https:\/\/costumes-urbains.com\/?p=11850\" target=\"_blank\" rel=\"noopener noreferrer\">Ang\u00e9lique Marquise des Anges: la s\u00e9ance photo par Sekaiphotography<\/a><\/span><\/p>\n<p><span style=\"font-size: 14pt;\"><img decoding=\"async\" src=\"https:\/\/costumes-urbains.com\/wp-content\/uploads\/2021\/11\/IMG_5916_editedb.jpg\" \/><\/span><\/p>\n<p>&nbsp;<\/p>\n<p style=\"text-align: center;\">\n","protected":false},"excerpt":{"rendered":"<p>Il faut cliquer sur les Titres pour acc\u00e9der aux fiches d\u00e9taillant toute la\u00a0 r\u00e9alisation\u00a0 (liens rapides) \u00e9tape par \u00e9tape du costume Ang\u00e9lique marquise des anges Ang\u00e9lique marquise des anges : le coussin de taille et le jupon Ang\u00e9lique marquise des anges : le corps \u00e0 baleine 1780 Ang\u00e9lique marquise des anges : le manteau de [&hellip;]<\/p>\n","protected":false},"author":1,"featured_media":0,"parent":0,"menu_order":0,"comment_status":"closed","ping_status":"closed","template":"","meta":{"jetpack_post_was_ever_published":false,"footnotes":""},"class_list":["post-11661","page","type-page","status-publish","hentry"],"jetpack_sharing_enabled":true,"jetpack_likes_enabled":true,"_links":{"self":[{"href":"https:\/\/costumes-urbains.com\/index.php?rest_route=\/wp\/v2\/pages\/11661","targetHints":{"allow":["GET"]}}],"collection":[{"href":"https:\/\/costumes-urbains.com\/index.php?rest_route=\/wp\/v2\/pages"}],"about":[{"href":"https:\/\/costumes-urbains.com\/index.php?rest_route=\/wp\/v2\/types\/page"}],"author":[{"embeddable":true,"href":"https:\/\/costumes-urbains.com\/index.php?rest_route=\/wp\/v2\/users\/1"}],"replies":[{"embeddable":true,"href":"https:\/\/costumes-urbains.com\/index.php?rest_route=%2Fwp%2Fv2%2Fcomments&post=11661"}],"version-history":[{"count":7,"href":"https:\/\/costumes-urbains.com\/index.php?rest_route=\/wp\/v2\/pages\/11661\/revisions"}],"predecessor-version":[{"id":12124,"href":"https:\/\/costumes-urbains.com\/index.php?rest_route=\/wp\/v2\/pages\/11661\/revisions\/12124"}],"wp:attachment":[{"href":"https:\/\/costumes-urbains.com\/index.php?rest_route=%2Fwp%2Fv2%2Fmedia&parent=11661"}],"curies":[{"name":"wp","href":"https:\/\/api.w.org\/{rel}","templated":true}]}}