{"id":13465,"date":"2022-11-23T15:30:06","date_gmt":"2022-11-23T14:30:06","guid":{"rendered":"https:\/\/costumes-urbains.com\/?page_id=13465"},"modified":"2022-11-23T15:30:06","modified_gmt":"2022-11-23T14:30:06","slug":"janv-2022athena-deesse-de-la-guerre","status":"publish","type":"page","link":"https:\/\/costumes-urbains.com\/?page_id=13465","title":{"rendered":"(Janv 2022)Ath\u00e8na d\u00e9esse de la guerre"},"content":{"rendered":"<h2 style=\"text-align: center;\"><span style=\"font-size: 24pt;\"><strong>Il faut cliquer sur les Titres pour acc\u00e9der aux fiches d\u00e9taillant toute la\u00a0 r\u00e9alisation\u00a0 (liens rapides) \u00e9tape par \u00e9tape du costume\u00a0<\/strong><\/span><\/h2>\n<h2 style=\"text-align: center;\"><strong><span style=\"font-size: 14pt;\"><a href=\"https:\/\/costumes-urbains.com\/?p=12274\" target=\"_blank\" rel=\"bookmark noopener noreferrer\">Le projet Ath\u00e9na d\u00e9esse de la guerre<\/a><\/span><\/strong><\/h2>\n<p style=\"text-align: center;\"><strong><span style=\"font-size: 14pt;\"><img loading=\"lazy\" decoding=\"async\" src=\"https:\/\/costumes-urbains.com\/wp-content\/uploads\/2022\/01\/projet00.jpg\" width=\"459\" height=\"816\" \/><\/span><\/strong><\/p>\n<h2 style=\"text-align: center;\"><strong><span style=\"font-size: 14pt;\"><a href=\"https:\/\/costumes-urbains.com\/?p=12344\" target=\"_blank\" rel=\"bookmark noopener noreferrer\">Le projet Ath\u00e9na d\u00e9esse de la guerre: l\u2019armure en or<\/a><\/span><\/strong><\/h2>\n<p style=\"text-align: center;\"><strong><span style=\"font-size: 14pt;\"><img decoding=\"async\" src=\"https:\/\/costumes-urbains.com\/wp-content\/uploads\/2022\/01\/arm010.jpg\" \/><\/span><\/strong><\/p>\n<h2 style=\"text-align: center;\"><strong><span style=\"font-size: 14pt;\"><a href=\"https:\/\/costumes-urbains.com\/?p=12356\" target=\"_blank\" rel=\"bookmark noopener noreferrer\">Le projet Ath\u00e9na d\u00e9esse de la guerre: la toge<\/a><\/span><\/strong><\/h2>\n<p style=\"text-align: center;\"><strong><span style=\"font-size: 14pt;\"><img decoding=\"async\" src=\"https:\/\/costumes-urbains.com\/wp-content\/uploads\/2022\/01\/tog03.jpg\" \/><\/span><\/strong><\/p>\n<h2 style=\"text-align: center;\"><strong><span style=\"font-size: 14pt;\"><a href=\"https:\/\/costumes-urbains.com\/?p=12363\" target=\"_blank\" rel=\"bookmark noopener noreferrer\">Le projet Ath\u00e9na d\u00e9esse de la guerre: la jupe<\/a><\/span><\/strong><\/h2>\n<p style=\"text-align: center;\"><strong><span style=\"font-size: 14pt;\"><img decoding=\"async\" src=\"https:\/\/costumes-urbains.com\/wp-content\/uploads\/2022\/01\/ju010.jpg\" \/><\/span><\/strong><\/p>\n<h2 style=\"text-align: center;\"><strong><span style=\"font-size: 14pt;\"><a href=\"https:\/\/costumes-urbains.com\/?p=12469\" target=\"_blank\" rel=\"bookmark noopener noreferrer\">Le projet Ath\u00e9na d\u00e9esse de la guerre: la cape<\/a><\/span><\/strong><\/h2>\n<p style=\"text-align: center;\"><strong><span style=\"font-size: 14pt;\"><img decoding=\"async\" src=\"https:\/\/costumes-urbains.com\/wp-content\/uploads\/2022\/02\/273015507_540656813671185_7765027720040960157_n.jpg\" \/><\/span><\/strong><\/p>\n<h2 style=\"text-align: center;\"><strong><span style=\"font-size: 14pt;\"><a href=\"https:\/\/costumes-urbains.com\/?p=12487\" target=\"_blank\" rel=\"bookmark noopener noreferrer\">Le projet Ath\u00e9na d\u00e9esse de la guerre: le bouclier<\/a><\/span><\/strong><\/h2>\n<p style=\"text-align: center;\"><strong><span style=\"font-size: 14pt;\"><img decoding=\"async\" src=\"https:\/\/costumes-urbains.com\/wp-content\/uploads\/2022\/01\/bo015-1.jpg\" \/><\/span><\/strong><\/p>\n<h2 style=\"text-align: center;\"><strong><span style=\"font-size: 14pt;\"><a href=\"https:\/\/costumes-urbains.com\/?p=13143\" target=\"_blank\" rel=\"bookmark noopener noreferrer\">Le projet Ath\u00e9na d\u00e9esse de la guerre: la lance<\/a><\/span><\/strong><\/h2>\n<p style=\"text-align: center;\"><strong><span style=\"font-size: 14pt;\"><img decoding=\"async\" src=\"https:\/\/costumes-urbains.com\/wp-content\/uploads\/2022\/07\/20220216_111259.jpg\" \/><\/span><\/strong><\/p>\n<h2 style=\"text-align: center;\"><strong><span style=\"font-size: 14pt;\"><a href=\"https:\/\/costumes-urbains.com\/?p=13147\" target=\"_blank\" rel=\"bookmark noopener noreferrer\">Le projet Ath\u00e9na d\u00e9esse de la guerre: Le r\u00e9sultat final<\/a><\/span><\/strong><\/h2>\n<p style=\"text-align: center;\"><strong><span style=\"font-size: 14pt;\"><img decoding=\"async\" src=\"https:\/\/costumes-urbains.com\/wp-content\/uploads\/2022\/07\/20220216_112058.jpg\" \/><\/span><\/strong><\/p>\n<h2 style=\"text-align: center;\"><strong><span style=\"font-size: 14pt;\"><a href=\"https:\/\/costumes-urbains.com\/?p=13246\" target=\"_blank\" rel=\"bookmark noopener noreferrer\">Ath\u00e9na d\u00e9esse de la guerre la s\u00e9ance photo officielle<\/a><\/span><\/strong><\/h2>\n<p style=\"text-align: center;\"><strong><span style=\"font-size: 14pt;\"><img decoding=\"async\" src=\"https:\/\/costumes-urbains.com\/wp-content\/uploads\/2022\/07\/centu07.jpg\" \/><\/span><\/strong><\/p>\n<h2 style=\"text-align: center;\"><strong><span style=\"font-size: 14pt;\"><a href=\"https:\/\/costumes-urbains.com\/?p=13291\" target=\"_blank\" rel=\"bookmark noopener noreferrer\">Ath\u00e9na d\u00e9esse de la guerre par Ishkur \u00ab\u00a0De@d_eye\u00a0\u00bb Anu\u00a0<\/a><\/span><\/strong><\/h2>\n<p><strong><span style=\"font-size: 14pt;\"><img decoding=\"async\" class=\"aligncenter\" src=\"https:\/\/costumes-urbains.com\/wp-content\/uploads\/2022\/11\/DSE09573.jpg\" \/><\/span><\/strong><\/p>\n","protected":false},"excerpt":{"rendered":"<p>Il faut cliquer sur les Titres pour acc\u00e9der aux fiches d\u00e9taillant toute la\u00a0 r\u00e9alisation\u00a0 (liens rapides) \u00e9tape par \u00e9tape du costume\u00a0 Le projet Ath\u00e9na d\u00e9esse de la guerre Le projet Ath\u00e9na d\u00e9esse de la guerre: l\u2019armure en or Le projet Ath\u00e9na d\u00e9esse de la guerre: la toge Le projet Ath\u00e9na d\u00e9esse de la guerre: la [&hellip;]<\/p>\n","protected":false},"author":1,"featured_media":0,"parent":0,"menu_order":0,"comment_status":"closed","ping_status":"closed","template":"","meta":{"jetpack_post_was_ever_published":false,"footnotes":""},"class_list":["post-13465","page","type-page","status-publish","hentry"],"jetpack_sharing_enabled":true,"jetpack_likes_enabled":true,"_links":{"self":[{"href":"https:\/\/costumes-urbains.com\/index.php?rest_route=\/wp\/v2\/pages\/13465","targetHints":{"allow":["GET"]}}],"collection":[{"href":"https:\/\/costumes-urbains.com\/index.php?rest_route=\/wp\/v2\/pages"}],"about":[{"href":"https:\/\/costumes-urbains.com\/index.php?rest_route=\/wp\/v2\/types\/page"}],"author":[{"embeddable":true,"href":"https:\/\/costumes-urbains.com\/index.php?rest_route=\/wp\/v2\/users\/1"}],"replies":[{"embeddable":true,"href":"https:\/\/costumes-urbains.com\/index.php?rest_route=%2Fwp%2Fv2%2Fcomments&post=13465"}],"version-history":[{"count":2,"href":"https:\/\/costumes-urbains.com\/index.php?rest_route=\/wp\/v2\/pages\/13465\/revisions"}],"predecessor-version":[{"id":13478,"href":"https:\/\/costumes-urbains.com\/index.php?rest_route=\/wp\/v2\/pages\/13465\/revisions\/13478"}],"wp:attachment":[{"href":"https:\/\/costumes-urbains.com\/index.php?rest_route=%2Fwp%2Fv2%2Fmedia&parent=13465"}],"curies":[{"name":"wp","href":"https:\/\/api.w.org\/{rel}","templated":true}]}}