{"id":1536,"date":"2015-08-18T18:47:57","date_gmt":"2015-08-18T16:47:57","guid":{"rendered":"http:\/\/costumes-urbains.com\/?page_id=1536"},"modified":"2018-12-19T12:07:05","modified_gmt":"2018-12-19T11:07:05","slug":"aou-2012-la-robe-tudor","status":"publish","type":"page","link":"https:\/\/costumes-urbains.com\/?page_id=1536","title":{"rendered":"(ao\u00fb 2012) La robe Tudor"},"content":{"rendered":"<p style=\"text-align: center;\"><span style=\"text-decoration: underline;\"><em><strong><span style=\"font-size: 24pt;\">Il faut cliquer sur les Titres pour acc\u00e9der aux fiches d\u00e9taillant toute la\u00a0 r\u00e9alisation\u00a0 (liens rapides) \u00e9tape par \u00e9tape du costume\u00a0<\/span><\/strong><\/em><\/span><\/p>\n<p style=\"text-align: center;\"><a href=\"http:\/\/costumes-urbains.com\/?p=219\" target=\"_blank\" rel=\"noopener\">Le projet<\/a><\/p>\n<p style=\"text-align: center;\"><img loading=\"lazy\" decoding=\"async\" class=\"alignnone\" src=\"http:\/\/costumes-urbains.com\/wp-content\/uploads\/2012\/08\/deta1.jpg\" alt=\"\" width=\"215\" height=\"362\" \/><\/p>\n<p style=\"text-align: center;\"><a href=\"http:\/\/costumes-urbains.com\/?p=217\" target=\"_blank\" rel=\"noopener\">Le bourrelet de taille<\/a><\/p>\n<p style=\"text-align: center;\"><img loading=\"lazy\" decoding=\"async\" class=\"alignnone\" src=\"http:\/\/costumes-urbains.com\/wp-content\/uploads\/2012\/08\/421380_342502172438433_127559860599333_1155506_2040075989_n.jpg\" alt=\"\" width=\"298\" height=\"199\" \/><\/p>\n<p style=\"text-align: center;\"><a href=\"http:\/\/costumes-urbains.com\/?p=216\" target=\"_blank\" rel=\"noopener\">Le corps \u00e0 baleines<\/a><\/p>\n<p style=\"text-align: center;\"><img loading=\"lazy\" decoding=\"async\" class=\"alignnone\" src=\"http:\/\/costumes-urbains.com\/wp-content\/uploads\/2015\/08\/7429_2_1.jpg\" alt=\"\" width=\"310\" height=\"366\" \/><\/p>\n<p style=\"text-align: center;\"><a href=\"http:\/\/costumes-urbains.com\/?p=215\" target=\"_blank\" rel=\"noopener\">Le corps \u00e0 baleines 2<\/a><\/p>\n<p style=\"text-align: center;\"><img loading=\"lazy\" decoding=\"async\" class=\"alignnone\" src=\"http:\/\/costumes-urbains.com\/wp-content\/uploads\/2012\/09\/375345_322531387768845_127559860599333_1101728_798277159_n.jpg\" alt=\"\" width=\"333\" height=\"499\" \/><\/p>\n<p style=\"text-align: center;\"><a href=\"http:\/\/costumes-urbains.com\/?p=214\" target=\"_blank\" rel=\"noopener\">Le corps \u00e0 baleines 3<\/a><\/p>\n<p style=\"text-align: center;\"><img loading=\"lazy\" decoding=\"async\" class=\"alignnone\" src=\"http:\/\/costumes-urbains.com\/wp-content\/uploads\/2015\/08\/417574_343952868960030_127559860599333_1159901_847196590_n.jpg\" alt=\"\" width=\"324\" height=\"486\" \/><\/p>\n<p style=\"text-align: center;\"><a href=\"http:\/\/costumes-urbains.com\/?p=213\" target=\"_blank\" rel=\"noopener\">La jupe<\/a><\/p>\n<p style=\"text-align: center;\"><img loading=\"lazy\" decoding=\"async\" class=\"alignnone\" src=\"http:\/\/costumes-urbains.com\/wp-content\/uploads\/2015\/08\/430090_346618238693493_127559860599333_1165627_1009969364_n.jpg\" alt=\"\" width=\"333\" height=\"499\" \/><\/p>\n<p style=\"text-align: center;\"><a href=\"http:\/\/costumes-urbains.com\/?p=212\" target=\"_blank\" rel=\"noopener\">Le corsage<\/a><\/p>\n<p style=\"text-align: center;\"><img loading=\"lazy\" decoding=\"async\" class=\"alignnone\" src=\"http:\/\/costumes-urbains.com\/wp-content\/uploads\/2012\/10\/421959_355057801182870_1099310040_n.jpg\" alt=\"\" width=\"333\" height=\"499\" \/><\/p>\n<p style=\"text-align: center;\"><a href=\"http:\/\/costumes-urbains.com\/?p=211\" target=\"_blank\" rel=\"noopener\">Les manches<\/a><\/p>\n<p style=\"text-align: center;\"><img loading=\"lazy\" decoding=\"async\" class=\"alignnone\" src=\"http:\/\/costumes-urbains.com\/wp-content\/uploads\/2015\/08\/429223_355725594449424_127559860599333_1192732_1449258042_n.jpg\" alt=\"\" width=\"333\" height=\"499\" \/><\/p>\n<p style=\"text-align: center;\"><a href=\"http:\/\/costumes-urbains.com\/?p=209\" target=\"_blank\" rel=\"noopener\">Le corsage et ses d\u00e9corations<\/a><\/p>\n<p style=\"text-align: center;\"><img loading=\"lazy\" decoding=\"async\" class=\"alignnone\" src=\"http:\/\/costumes-urbains.com\/wp-content\/uploads\/2012\/10\/420104_356466084375375_127559860599333_1194886_1622607054_n.jpg\" alt=\"\" width=\"333\" height=\"499\" \/><\/p>\n<p style=\"text-align: center;\"><a href=\"http:\/\/costumes-urbains.com\/?p=208\" target=\"_blank\" rel=\"noopener\">La robe Tudor termin\u00e9<\/a><\/p>\n<p style=\"text-align: center;\"><img loading=\"lazy\" decoding=\"async\" class=\"alignnone\" src=\"http:\/\/costumes-urbains.com\/wp-content\/uploads\/2012\/11\/431112_356466057708711_127559860599333_1194885_1764782569_n.jpg\" alt=\"\" width=\"333\" height=\"499\" \/><\/p>\n<p style=\"text-align: center;\"><a href=\"http:\/\/costumes-urbains.com\/?p=205\" target=\"_blank\" rel=\"noopener\">Le shooting<\/a><\/p>\n<p><img loading=\"lazy\" decoding=\"async\" class=\"alignnone aligncenter\" src=\"http:\/\/costumes-urbains.com\/wp-content\/uploads\/2012\/11\/550147_405972379424745_1448119034_n.jpg\" alt=\"\" width=\"333\" height=\"499\" \/><\/p>\n","protected":false},"excerpt":{"rendered":"<p>Il faut cliquer sur les Titres pour acc\u00e9der aux fiches d\u00e9taillant toute la\u00a0 r\u00e9alisation\u00a0 (liens rapides) \u00e9tape par \u00e9tape du costume\u00a0 Le projet Le bourrelet de taille Le corps \u00e0 baleines Le corps \u00e0 baleines 2 Le corps \u00e0 baleines 3 La jupe Le corsage Les manches Le corsage et ses d\u00e9corations La robe Tudor [&hellip;]<\/p>\n","protected":false},"author":1,"featured_media":0,"parent":0,"menu_order":0,"comment_status":"open","ping_status":"open","template":"","meta":{"jetpack_post_was_ever_published":false,"footnotes":""},"class_list":["post-1536","page","type-page","status-publish","hentry"],"jetpack_sharing_enabled":true,"jetpack_likes_enabled":true,"_links":{"self":[{"href":"https:\/\/costumes-urbains.com\/index.php?rest_route=\/wp\/v2\/pages\/1536","targetHints":{"allow":["GET"]}}],"collection":[{"href":"https:\/\/costumes-urbains.com\/index.php?rest_route=\/wp\/v2\/pages"}],"about":[{"href":"https:\/\/costumes-urbains.com\/index.php?rest_route=\/wp\/v2\/types\/page"}],"author":[{"embeddable":true,"href":"https:\/\/costumes-urbains.com\/index.php?rest_route=\/wp\/v2\/users\/1"}],"replies":[{"embeddable":true,"href":"https:\/\/costumes-urbains.com\/index.php?rest_route=%2Fwp%2Fv2%2Fcomments&post=1536"}],"version-history":[{"count":2,"href":"https:\/\/costumes-urbains.com\/index.php?rest_route=\/wp\/v2\/pages\/1536\/revisions"}],"predecessor-version":[{"id":6557,"href":"https:\/\/costumes-urbains.com\/index.php?rest_route=\/wp\/v2\/pages\/1536\/revisions\/6557"}],"wp:attachment":[{"href":"https:\/\/costumes-urbains.com\/index.php?rest_route=%2Fwp%2Fv2%2Fmedia&parent=1536"}],"curies":[{"name":"wp","href":"https:\/\/api.w.org\/{rel}","templated":true}]}}