{"id":16653,"date":"2026-05-14T17:48:46","date_gmt":"2026-05-14T15:48:46","guid":{"rendered":"https:\/\/costumes-urbains.com\/?page_id=16653"},"modified":"2026-05-14T17:48:46","modified_gmt":"2026-05-14T15:48:46","slug":"sept-2024-padme-pique-nique","status":"publish","type":"page","link":"https:\/\/costumes-urbains.com\/?page_id=16653","title":{"rendered":"(sept 2024) Padme Pique nique"},"content":{"rendered":"<h2 style=\"text-align: center;\"><span style=\"font-size: 24pt;\"><strong>Il faut cliquer sur les Titres pour acc\u00e9der aux fiches d\u00e9taillant toute la\u00a0 r\u00e9alisation\u00a0 (liens rapides) \u00e9tape par \u00e9tape du costume\u00a0<\/strong><\/span><\/h2>\n<h2 class=\"post-title entry-title\" style=\"text-align: center;\"><a href=\"https:\/\/costumes-urbains.com\/?p=15670\" target=\"_blank\" rel=\"bookmark noopener\">Padm\u00e9, Pique nique: pr\u00e9ambule<\/a><\/h2>\n<p style=\"text-align: center;\"><img loading=\"lazy\" decoding=\"async\" class=\"\" src=\"https:\/\/costumes-urbains.com\/wp-content\/uploads\/2025\/07\/64b32f75596631c8bb32e6e16ae20925-555x1024.jpg\" width=\"373\" height=\"688\" \/><\/p>\n<h2 class=\"post-title entry-title\" style=\"text-align: center;\"><a href=\"https:\/\/costumes-urbains.com\/?p=15759\" target=\"_blank\" rel=\"bookmark noopener\">Padm\u00e9, Pique nique: la jupe<\/a><\/h2>\n<p style=\"text-align: center;\"><img loading=\"lazy\" decoding=\"async\" class=\"\" src=\"https:\/\/costumes-urbains.com\/wp-content\/uploads\/2025\/07\/20250102_105806-576x1024.jpg\" width=\"370\" height=\"658\" \/><\/p>\n<h2 class=\"post-title entry-title\" style=\"text-align: center;\"><a href=\"https:\/\/costumes-urbains.com\/?p=15764\" target=\"_blank\" rel=\"bookmark noopener\">Padm\u00e9, Pique nique: la chemise<\/a><\/h2>\n<p style=\"text-align: center;\"><img loading=\"lazy\" decoding=\"async\" class=\"\" src=\"https:\/\/costumes-urbains.com\/wp-content\/uploads\/2025\/07\/20250223_165738-576x1024.jpg\" width=\"368\" height=\"654\" \/><\/p>\n<h2 class=\"post-title entry-title\" style=\"text-align: center;\"><a href=\"https:\/\/costumes-urbains.com\/?p=15772\" target=\"_blank\" rel=\"bookmark noopener\">Padm\u00e9, Pique nique: le ch\u00e2le<\/a><\/h2>\n<p style=\"text-align: center;\"><img loading=\"lazy\" decoding=\"async\" class=\"\" src=\"https:\/\/costumes-urbains.com\/wp-content\/uploads\/2025\/08\/20250301_151237-576x1024.jpg\" width=\"359\" height=\"638\" \/><\/p>\n<h2 class=\"post-title entry-title\" style=\"text-align: center;\"><a href=\"https:\/\/costumes-urbains.com\/?p=15777\" target=\"_blank\" rel=\"bookmark noopener\">Padm\u00e9, pique nique: Le corset<\/a><\/h2>\n<p style=\"text-align: center;\"><img loading=\"lazy\" decoding=\"async\" class=\"\" src=\"https:\/\/costumes-urbains.com\/wp-content\/uploads\/2025\/07\/20250412_181229-682x1024.jpg\" width=\"361\" height=\"542\" \/><\/p>\n<h2 class=\"post-title entry-title\" style=\"text-align: center;\"><a href=\"https:\/\/costumes-urbains.com\/?p=15784\" target=\"_blank\" rel=\"bookmark noopener\">Padm\u00e9, pique nique: Les accessoires<\/a><\/h2>\n<p style=\"text-align: center;\"><img loading=\"lazy\" decoding=\"async\" class=\"\" src=\"https:\/\/costumes-urbains.com\/wp-content\/uploads\/2025\/07\/20250326_183214-1-576x1024.jpg\" width=\"368\" height=\"654\" \/><\/p>\n<h2 class=\"post-title entry-title\" style=\"text-align: center;\"><a href=\"https:\/\/costumes-urbains.com\/?p=15793\" target=\"_blank\" rel=\"bookmark noopener\">Padm\u00e9, pique nique: Padm\u00e9 par aaaaphotographie<\/a><\/h2>\n<p style=\"text-align: center;\"><img loading=\"lazy\" decoding=\"async\" class=\"\" src=\"https:\/\/costumes-urbains.com\/wp-content\/uploads\/2025\/07\/250510_AA_i24059-1024x1024.jpg\" width=\"384\" height=\"384\" \/><\/p>\n<p style=\"text-align: center;\">\n","protected":false},"excerpt":{"rendered":"<p>Il faut cliquer sur les Titres pour acc\u00e9der aux fiches d\u00e9taillant toute la\u00a0 r\u00e9alisation\u00a0 (liens rapides) \u00e9tape par \u00e9tape du costume\u00a0 Padm\u00e9, Pique nique: pr\u00e9ambule Padm\u00e9, Pique nique: la jupe Padm\u00e9, Pique nique: la chemise Padm\u00e9, Pique nique: le ch\u00e2le Padm\u00e9, pique nique: Le corset Padm\u00e9, pique nique: Les accessoires Padm\u00e9, pique nique: Padm\u00e9 par [&hellip;]<\/p>\n","protected":false},"author":1,"featured_media":0,"parent":0,"menu_order":0,"comment_status":"closed","ping_status":"closed","template":"","meta":{"footnotes":""},"class_list":["post-16653","page","type-page","status-publish","hentry"],"jetpack_sharing_enabled":true,"jetpack_likes_enabled":true,"_links":{"self":[{"href":"https:\/\/costumes-urbains.com\/index.php?rest_route=\/wp\/v2\/pages\/16653","targetHints":{"allow":["GET"]}}],"collection":[{"href":"https:\/\/costumes-urbains.com\/index.php?rest_route=\/wp\/v2\/pages"}],"about":[{"href":"https:\/\/costumes-urbains.com\/index.php?rest_route=\/wp\/v2\/types\/page"}],"author":[{"embeddable":true,"href":"https:\/\/costumes-urbains.com\/index.php?rest_route=\/wp\/v2\/users\/1"}],"replies":[{"embeddable":true,"href":"https:\/\/costumes-urbains.com\/index.php?rest_route=%2Fwp%2Fv2%2Fcomments&post=16653"}],"version-history":[{"count":1,"href":"https:\/\/costumes-urbains.com\/index.php?rest_route=\/wp\/v2\/pages\/16653\/revisions"}],"predecessor-version":[{"id":16659,"href":"https:\/\/costumes-urbains.com\/index.php?rest_route=\/wp\/v2\/pages\/16653\/revisions\/16659"}],"wp:attachment":[{"href":"https:\/\/costumes-urbains.com\/index.php?rest_route=%2Fwp%2Fv2%2Fmedia&parent=16653"}],"curies":[{"name":"wp","href":"https:\/\/api.w.org\/{rel}","templated":true}]}}