{"id":4814,"date":"2017-04-18T11:28:01","date_gmt":"2017-04-18T09:28:01","guid":{"rendered":"http:\/\/costumes-urbains.com\/?page_id=4814"},"modified":"2018-12-19T11:56:38","modified_gmt":"2018-12-19T10:56:38","slug":"mars-2017-isabella-fraser-1785-wedding-dress","status":"publish","type":"page","link":"https:\/\/costumes-urbains.com\/?page_id=4814","title":{"rendered":"(Mars 2017) Isabella Fraser 1785 wedding dress"},"content":{"rendered":"<h2 style=\"text-align: center;\"><span style=\"text-decoration: underline;\"><em><strong><span style=\"font-size: 24pt;\">Il faut cliquer sur les Titres pour acc\u00e9der aux fiches d\u00e9taillant toute la\u00a0 r\u00e9alisation\u00a0 (liens rapides) \u00e9tape par \u00e9tape du costume\u00a0<\/span><\/strong><\/em><\/span><\/h2>\n<h2 style=\"text-align: center;\"><a href=\"http:\/\/costumes-urbains.com\/?p=4638\" target=\"_blank\" rel=\"noopener\">Wedding dress 1785 Isabella Fraser : la pr\u00e9paration, les recherches<\/a><\/h2>\n<p style=\"text-align: center;\"><img loading=\"lazy\" decoding=\"async\" src=\"http:\/\/costumes-urbains.com\/wp-content\/uploads\/2016\/12\/65976bda91ef9b5dfd8a588438f25efa.jpg\" alt=\"\" width=\"628\" height=\"960\" \/><\/p>\n<h2 style=\"text-align: center;\"><a href=\"http:\/\/costumes-urbains.com\/?p=4665\" target=\"_blank\" rel=\"noopener\">Le projet Isabella Fraser Robe de mari\u00e9e 1785: les patrons<\/a><\/h2>\n<p style=\"text-align: center;\"><img loading=\"lazy\" decoding=\"async\" src=\"http:\/\/costumes-urbains.com\/wp-content\/uploads\/2017\/02\/IMG_7217.jpg\" alt=\"\" width=\"1500\" height=\"1000\" \/><\/p>\n<h2 style=\"text-align: center;\"><a href=\"http:\/\/costumes-urbains.com\/?p=4685\" target=\"_blank\" rel=\"noopener\">Le projet Isabella Fraser Robe de mari\u00e9e 1785: la toile<\/a><\/h2>\n<p style=\"text-align: center;\"><img loading=\"lazy\" decoding=\"async\" src=\"http:\/\/costumes-urbains.com\/wp-content\/uploads\/2017\/02\/ajust01.jpg\" alt=\"\" width=\"1500\" height=\"2250\" \/><\/p>\n<h2 style=\"text-align: center;\"><a href=\"http:\/\/costumes-urbains.com\/?p=4690\" target=\"_blank\" rel=\"noopener\">Le projet Isabella Fraser Robe de mari\u00e9e 1785: le d\u00e9coupage des pi\u00e8ces, premier montage<\/a><\/h2>\n<p style=\"text-align: center;\"><img loading=\"lazy\" decoding=\"async\" src=\"http:\/\/costumes-urbains.com\/wp-content\/uploads\/2017\/02\/IMG_7242.jpg\" alt=\"\" width=\"1500\" height=\"1000\" \/><\/p>\n<h2 style=\"text-align: center;\"><a href=\"http:\/\/costumes-urbains.com\/?p=4706\" target=\"_blank\" rel=\"noopener\">Le projet Isabella Fraser Robe de mari\u00e9e 1785: deuxi\u00e8me et troisi\u00e8me montage (dos)<\/a><\/h2>\n<p style=\"text-align: center;\"><img loading=\"lazy\" decoding=\"async\" src=\"http:\/\/costumes-urbains.com\/wp-content\/uploads\/2017\/02\/IMG_7300.jpg\" alt=\"\" width=\"1500\" height=\"1000\" \/><\/p>\n<h2 style=\"text-align: center;\"><a href=\"http:\/\/costumes-urbains.com\/?p=4720\" target=\"_blank\" rel=\"noopener\">Le projet Isabella Fraser Robe de mari\u00e9e 1785: les manches la partie avant<\/a><\/h2>\n<p style=\"text-align: center;\"><img loading=\"lazy\" decoding=\"async\" src=\"http:\/\/costumes-urbains.com\/wp-content\/uploads\/2017\/02\/IMG_7317.jpg\" alt=\"\" width=\"1500\" height=\"2250\" \/><\/p>\n<h2 style=\"text-align: center;\"><a href=\"http:\/\/costumes-urbains.com\/?p=4732\" target=\"_blank\" rel=\"noopener\">Le projet Isabella Fraser Robe de mari\u00e9e 1785: Le jupon, les accesoires<\/a><\/h2>\n<p style=\"text-align: center;\"><img loading=\"lazy\" decoding=\"async\" src=\"http:\/\/costumes-urbains.com\/wp-content\/uploads\/2017\/02\/jup.jpg\" alt=\"\" width=\"1500\" height=\"2623\" \/><\/p>\n<h2 style=\"text-align: center;\"><a href=\"http:\/\/costumes-urbains.com\/?p=4762\" target=\"_blank\" rel=\"noopener\">Le projet Isabella Fraser Robe de mari\u00e9e 1785: le bilan<\/a><\/h2>\n<p><img loading=\"lazy\" decoding=\"async\" class=\"aligncenter\" src=\"http:\/\/costumes-urbains.com\/wp-content\/uploads\/2017\/03\/fin.jpg\" alt=\"\" width=\"929\" height=\"863\" \/><\/p>\n","protected":false},"excerpt":{"rendered":"<p>Il faut cliquer sur les Titres pour acc\u00e9der aux fiches d\u00e9taillant toute la\u00a0 r\u00e9alisation\u00a0 (liens rapides) \u00e9tape par \u00e9tape du costume\u00a0 Wedding dress 1785 Isabella Fraser : la pr\u00e9paration, les recherches Le projet Isabella Fraser Robe de mari\u00e9e 1785: les patrons Le projet Isabella Fraser Robe de mari\u00e9e 1785: la toile Le projet Isabella Fraser [&hellip;]<\/p>\n","protected":false},"author":1,"featured_media":0,"parent":0,"menu_order":0,"comment_status":"closed","ping_status":"closed","template":"","meta":{"jetpack_post_was_ever_published":false,"footnotes":""},"class_list":["post-4814","page","type-page","status-publish","hentry"],"jetpack_sharing_enabled":true,"jetpack_likes_enabled":true,"_links":{"self":[{"href":"https:\/\/costumes-urbains.com\/index.php?rest_route=\/wp\/v2\/pages\/4814","targetHints":{"allow":["GET"]}}],"collection":[{"href":"https:\/\/costumes-urbains.com\/index.php?rest_route=\/wp\/v2\/pages"}],"about":[{"href":"https:\/\/costumes-urbains.com\/index.php?rest_route=\/wp\/v2\/types\/page"}],"author":[{"embeddable":true,"href":"https:\/\/costumes-urbains.com\/index.php?rest_route=\/wp\/v2\/users\/1"}],"replies":[{"embeddable":true,"href":"https:\/\/costumes-urbains.com\/index.php?rest_route=%2Fwp%2Fv2%2Fcomments&post=4814"}],"version-history":[{"count":4,"href":"https:\/\/costumes-urbains.com\/index.php?rest_route=\/wp\/v2\/pages\/4814\/revisions"}],"predecessor-version":[{"id":6527,"href":"https:\/\/costumes-urbains.com\/index.php?rest_route=\/wp\/v2\/pages\/4814\/revisions\/6527"}],"wp:attachment":[{"href":"https:\/\/costumes-urbains.com\/index.php?rest_route=%2Fwp%2Fv2%2Fmedia&parent=4814"}],"curies":[{"name":"wp","href":"https:\/\/api.w.org\/{rel}","templated":true}]}}