{"id":5388,"date":"2017-10-31T11:56:40","date_gmt":"2017-10-31T10:56:40","guid":{"rendered":"http:\/\/costumes-urbains.com\/?page_id=5388"},"modified":"2018-12-19T11:59:07","modified_gmt":"2018-12-19T10:59:07","slug":"juin-2017-le-petit-chaperon-rouge","status":"publish","type":"page","link":"https:\/\/costumes-urbains.com\/?page_id=5388","title":{"rendered":"(juin 2017) Le petit chaperon rouge"},"content":{"rendered":"<h2 style=\"text-align: center;\"><span style=\"text-decoration: underline;\"><em><strong><span style=\"font-size: 24pt;\">Il faut cliquer sur les Titres pour acc\u00e9der aux fiches d\u00e9taillant toute la\u00a0 r\u00e9alisation\u00a0 (liens rapides) \u00e9tape par \u00e9tape du costume\u00a0<\/span><\/strong><\/em><\/span><\/h2>\n<h2 class=\"post-title entry-title\" style=\"text-align: center;\"><a href=\"http:\/\/costumes-urbains.com\/?p=5125\" target=\"_blank\" rel=\"bookmark noopener noreferrer\">projet interpr\u00e9tation: Le petit chaperon rouge, le corsage et le corselet<\/a><\/h2>\n<p style=\"text-align: center;\"><img loading=\"lazy\" decoding=\"async\" class=\"alignnone \" src=\"http:\/\/costumes-urbains.com\/wp-content\/uploads\/2017\/08\/det.jpg\" width=\"447\" height=\"493\" \/><\/p>\n<h2 class=\"post-title entry-title\" style=\"text-align: center;\"><a href=\"http:\/\/costumes-urbains.com\/?p=5139\" rel=\"bookmark\">projet interpr\u00e9tation: Le petit chaperon rouge: le jupon, la jupe et le tablier<\/a><\/h2>\n<p style=\"text-align: center;\"><img loading=\"lazy\" decoding=\"async\" class=\"alignnone size-full\" src=\"http:\/\/costumes-urbains.com\/wp-content\/uploads\/2017\/08\/essay-521x1024.jpg\" width=\"521\" height=\"1024\" \/><\/p>\n<h2 class=\"post-title entry-title\" style=\"text-align: center;\"><a href=\"http:\/\/costumes-urbains.com\/?p=5149\" target=\"_blank\" rel=\"bookmark noopener noreferrer\">projet interpr\u00e9tation: Le petit chaperon rouge<\/a><\/h2>\n<p style=\"text-align: center;\"><img loading=\"lazy\" decoding=\"async\" class=\"alignnone \" src=\"http:\/\/costumes-urbains.com\/wp-content\/uploads\/2017\/08\/Sans-titre-2.jpg\" width=\"529\" height=\"908\" \/><\/p>\n<h2 class=\"post-title entry-title\" style=\"text-align: center;\"><a href=\"http:\/\/costumes-urbains.com\/?p=5153\" target=\"_blank\" rel=\"bookmark noopener noreferrer\">Le petit chaperon rouge et Blanche Neige le shooting<\/a><\/h2>\n<p><img loading=\"lazy\" decoding=\"async\" class=\"alignnone  aligncenter\" src=\"http:\/\/costumes-urbains.com\/wp-content\/uploads\/2017\/08\/bn25.jpg\" width=\"520\" height=\"780\" \/><\/p>\n","protected":false},"excerpt":{"rendered":"<p>Il faut cliquer sur les Titres pour acc\u00e9der aux fiches d\u00e9taillant toute la\u00a0 r\u00e9alisation\u00a0 (liens rapides) \u00e9tape par \u00e9tape du costume\u00a0 projet interpr\u00e9tation: Le petit chaperon rouge, le corsage et le corselet projet interpr\u00e9tation: Le petit chaperon rouge: le jupon, la jupe et le tablier projet interpr\u00e9tation: Le petit chaperon rouge Le petit chaperon rouge [&hellip;]<\/p>\n","protected":false},"author":1,"featured_media":0,"parent":0,"menu_order":0,"comment_status":"closed","ping_status":"closed","template":"","meta":{"jetpack_post_was_ever_published":false,"footnotes":""},"class_list":["post-5388","page","type-page","status-publish","hentry"],"jetpack_sharing_enabled":true,"jetpack_likes_enabled":true,"_links":{"self":[{"href":"https:\/\/costumes-urbains.com\/index.php?rest_route=\/wp\/v2\/pages\/5388","targetHints":{"allow":["GET"]}}],"collection":[{"href":"https:\/\/costumes-urbains.com\/index.php?rest_route=\/wp\/v2\/pages"}],"about":[{"href":"https:\/\/costumes-urbains.com\/index.php?rest_route=\/wp\/v2\/types\/page"}],"author":[{"embeddable":true,"href":"https:\/\/costumes-urbains.com\/index.php?rest_route=\/wp\/v2\/users\/1"}],"replies":[{"embeddable":true,"href":"https:\/\/costumes-urbains.com\/index.php?rest_route=%2Fwp%2Fv2%2Fcomments&post=5388"}],"version-history":[{"count":2,"href":"https:\/\/costumes-urbains.com\/index.php?rest_route=\/wp\/v2\/pages\/5388\/revisions"}],"predecessor-version":[{"id":6533,"href":"https:\/\/costumes-urbains.com\/index.php?rest_route=\/wp\/v2\/pages\/5388\/revisions\/6533"}],"wp:attachment":[{"href":"https:\/\/costumes-urbains.com\/index.php?rest_route=%2Fwp%2Fv2%2Fmedia&parent=5388"}],"curies":[{"name":"wp","href":"https:\/\/api.w.org\/{rel}","templated":true}]}}