{"id":6120,"date":"2018-07-22T13:46:37","date_gmt":"2018-07-22T11:46:37","guid":{"rendered":"http:\/\/costumes-urbains.com\/?page_id=6120"},"modified":"2018-12-19T11:56:02","modified_gmt":"2018-12-19T10:56:02","slug":"mars-2018-cleopatre","status":"publish","type":"page","link":"https:\/\/costumes-urbains.com\/?page_id=6120","title":{"rendered":"(Mars 2018) Cl\u00e9op\u00e2tre"},"content":{"rendered":"<h2 style=\"text-align: center;\"><span style=\"text-decoration: underline;\"><em><strong><span style=\"font-size: 24pt;\">Il faut cliquer sur les Titres pour acc\u00e9der aux fiches d\u00e9taillant toute la\u00a0 r\u00e9alisation\u00a0 (liens rapides) \u00e9tape par \u00e9tape du costume\u00a0<\/span><\/strong><\/em><\/span><\/h2>\n<h2 class=\"post-title entry-title\" style=\"text-align: center;\"><a href=\"http:\/\/costumes-urbains.com\/?p=5802\" target=\"_blank\" rel=\"bookmark noopener\">Le projet Cl\u00e9op\u00e2tre<\/a><\/h2>\n<p style=\"text-align: center;\"><img loading=\"lazy\" decoding=\"async\" class=\"alignnone size-full\" src=\"http:\/\/costumes-urbains.com\/wp-content\/uploads\/2018\/05\/99731255906d8c6d-cleopatra_gold.jpg\" width=\"1024\" height=\"573\" \/><\/p>\n<h2 class=\"post-title entry-title\" style=\"text-align: center;\"><a href=\"http:\/\/costumes-urbains.com\/?p=5806\" target=\"_blank\" rel=\"bookmark noopener\">Le projet Cl\u00e9op\u00e2tre : les ailes d\u2019Isis<\/a><\/h2>\n<p style=\"text-align: center;\"><img loading=\"lazy\" decoding=\"async\" class=\"alignnone \" src=\"http:\/\/costumes-urbains.com\/wp-content\/uploads\/2018\/05\/caf.jpg\" width=\"445\" height=\"334\" \/><\/p>\n<h2 class=\"post-title entry-title\" style=\"text-align: center;\"><a href=\"http:\/\/costumes-urbains.com\/?p=5821\" target=\"_blank\" rel=\"bookmark noopener\">Le projet Cl\u00e9op\u00e2tre : les scarab\u00e9es pour le collier<\/a><\/h2>\n<p style=\"text-align: center;\"><img loading=\"lazy\" decoding=\"async\" class=\"alignnone \" src=\"http:\/\/costumes-urbains.com\/wp-content\/uploads\/2018\/05\/sc08.jpg\" width=\"310\" height=\"414\" \/><\/p>\n<h2 class=\"post-title entry-title\" style=\"text-align: center;\"><a href=\"http:\/\/costumes-urbains.com\/?p=5851\" target=\"_blank\" rel=\"bookmark noopener\">Le projet Cl\u00e9op\u00e2tre : le montage du collier<\/a><\/h2>\n<p style=\"text-align: center;\"><img loading=\"lazy\" decoding=\"async\" class=\"alignnone \" src=\"http:\/\/costumes-urbains.com\/wp-content\/uploads\/2018\/05\/co2-1-768x1024.jpg\" width=\"440\" height=\"586\" \/><\/p>\n<h2 class=\"post-title entry-title\" style=\"text-align: center;\"><a href=\"http:\/\/costumes-urbains.com\/?p=5831\" target=\"_blank\" rel=\"bookmark noopener\">Le projet Cl\u00e9op\u00e2tre : la jupe<\/a><\/h2>\n<p style=\"text-align: center;\"><img loading=\"lazy\" decoding=\"async\" class=\"alignnone \" src=\"http:\/\/costumes-urbains.com\/wp-content\/uploads\/2018\/05\/Sans-titre-4.jpg\" width=\"292\" height=\"369\" \/><\/p>\n<h2 class=\"post-title entry-title\" style=\"text-align: center;\"><a href=\"http:\/\/costumes-urbains.com\/?p=5861\" target=\"_blank\" rel=\"bookmark noopener\">Le projet Cl\u00e9op\u00e2tre la ceinture :<\/a><\/h2>\n<p style=\"text-align: center;\"><img loading=\"lazy\" decoding=\"async\" class=\"alignnone \" src=\"http:\/\/costumes-urbains.com\/wp-content\/uploads\/2018\/05\/cec06.jpg\" width=\"317\" height=\"423\" \/><\/p>\n<h2 class=\"post-title entry-title\" style=\"text-align: center;\"><a href=\"http:\/\/costumes-urbains.com\/?p=5876\" target=\"_blank\" rel=\"bookmark noopener\">Le projet Cl\u00e9op\u00e2tre : le corset<\/a><\/h2>\n<p style=\"text-align: center;\"><img loading=\"lazy\" decoding=\"async\" class=\"\" src=\"http:\/\/costumes-urbains.com\/wp-content\/uploads\/2018\/05\/29597296_1748900995131870_132150011084739525_n-1.jpg\" width=\"354\" height=\"476\" \/><\/p>\n<h2 class=\"post-title entry-title\" style=\"text-align: center;\"><a href=\"http:\/\/costumes-urbains.com\/?p=5839\" target=\"_blank\" rel=\"bookmark noopener\">Le projet Cl\u00e9op\u00e2tre : le sceptre<\/a><\/h2>\n<p style=\"text-align: center;\"><img loading=\"lazy\" decoding=\"async\" class=\"alignnone \" src=\"http:\/\/costumes-urbains.com\/wp-content\/uploads\/2018\/05\/co03.jpg\" width=\"249\" height=\"332\" \/><\/p>\n<h2 class=\"post-title entry-title\" style=\"text-align: center;\"><a href=\"http:\/\/costumes-urbains.com\/?p=5845\" target=\"_blank\" rel=\"bookmark noopener\">Le projet Cl\u00e9op\u00e2tre : la parure de t\u00eate<\/a><\/h2>\n<p style=\"text-align: center;\"><img loading=\"lazy\" decoding=\"async\" class=\"alignnone \" src=\"http:\/\/costumes-urbains.com\/wp-content\/uploads\/2018\/05\/30740905_1768549523167017_583581451597905920_n.jpg\" width=\"318\" height=\"428\" \/><\/p>\n<h2 class=\"post-title entry-title\" style=\"text-align: center;\"><a href=\"http:\/\/costumes-urbains.com\/?p=6376\" target=\"_blank\" rel=\"bookmark noopener\">Cl\u00e9op\u00e2tre Reine d\u2019Egypte le shooting officiel<\/a><\/h2>\n<p style=\"text-align: center;\"><img loading=\"lazy\" decoding=\"async\" class=\"aligncenter\" src=\"http:\/\/costumes-urbains.com\/wp-content\/uploads\/2018\/09\/cleo18.jpg\" alt=\"\" width=\"459\" height=\"689\" \/><\/p>\n<p style=\"text-align: center;\">\n","protected":false},"excerpt":{"rendered":"<p>Il faut cliquer sur les Titres pour acc\u00e9der aux fiches d\u00e9taillant toute la\u00a0 r\u00e9alisation\u00a0 (liens rapides) \u00e9tape par \u00e9tape du costume\u00a0 Le projet Cl\u00e9op\u00e2tre Le projet Cl\u00e9op\u00e2tre : les ailes d\u2019Isis Le projet Cl\u00e9op\u00e2tre : les scarab\u00e9es pour le collier Le projet Cl\u00e9op\u00e2tre : le montage du collier Le projet Cl\u00e9op\u00e2tre : la jupe Le [&hellip;]<\/p>\n","protected":false},"author":1,"featured_media":0,"parent":0,"menu_order":0,"comment_status":"closed","ping_status":"closed","template":"","meta":{"jetpack_post_was_ever_published":false,"footnotes":""},"class_list":["post-6120","page","type-page","status-publish","hentry"],"jetpack_sharing_enabled":true,"jetpack_likes_enabled":true,"_links":{"self":[{"href":"https:\/\/costumes-urbains.com\/index.php?rest_route=\/wp\/v2\/pages\/6120","targetHints":{"allow":["GET"]}}],"collection":[{"href":"https:\/\/costumes-urbains.com\/index.php?rest_route=\/wp\/v2\/pages"}],"about":[{"href":"https:\/\/costumes-urbains.com\/index.php?rest_route=\/wp\/v2\/types\/page"}],"author":[{"embeddable":true,"href":"https:\/\/costumes-urbains.com\/index.php?rest_route=\/wp\/v2\/users\/1"}],"replies":[{"embeddable":true,"href":"https:\/\/costumes-urbains.com\/index.php?rest_route=%2Fwp%2Fv2%2Fcomments&post=6120"}],"version-history":[{"count":3,"href":"https:\/\/costumes-urbains.com\/index.php?rest_route=\/wp\/v2\/pages\/6120\/revisions"}],"predecessor-version":[{"id":6525,"href":"https:\/\/costumes-urbains.com\/index.php?rest_route=\/wp\/v2\/pages\/6120\/revisions\/6525"}],"wp:attachment":[{"href":"https:\/\/costumes-urbains.com\/index.php?rest_route=%2Fwp%2Fv2%2Fmedia&parent=6120"}],"curies":[{"name":"wp","href":"https:\/\/api.w.org\/{rel}","templated":true}]}}