{"id":8487,"date":"2021-03-05T14:29:27","date_gmt":"2021-03-05T13:29:27","guid":{"rendered":"http:\/\/costumes-urbains.com\/?page_id=8487"},"modified":"2021-03-05T14:43:05","modified_gmt":"2021-03-05T13:43:05","slug":"aout-2019-costume-diana-serie-v-version-2","status":"publish","type":"page","link":"https:\/\/costumes-urbains.com\/?page_id=8487","title":{"rendered":"( Ao\u00fbt 2019) Costume Diana, s\u00e9rie \u00ab V \u00bb version 2"},"content":{"rendered":"<h2><\/h2>\n<h2 style=\"text-align: center;\"><span style=\"font-size: 18pt;\"><strong><em>Il faut cliquer sur les Titres pour acc\u00e9der aux fiches d\u00e9taillant toute la\u00a0 r\u00e9alisation\u00a0 (liens rapides) \u00e9tape par \u00e9tape du costume<\/em><\/strong><\/span><\/h2>\n<h2 style=\"text-align: center;\"><span style=\"font-size: 14pt;\"><a href=\"http:\/\/costumes-urbains.com\/?p=7846\" target=\"_blank\" rel=\"bookmark noopener noreferrer\">Costume Diana, s\u00e9rie \u00ab\u00a0V\u00a0\u00bb version 2: L\u2019overlay<\/a><\/span><\/h2>\n<p style=\"text-align: center;\"><span style=\"font-size: 14pt;\"><img decoding=\"async\" src=\"http:\/\/costumes-urbains.com\/wp-content\/uploads\/2019\/10\/received_357003921709657.jpeg\" \/><\/span><\/p>\n<h2 style=\"text-align: center;\"><span style=\"font-size: 14pt;\"><a href=\"http:\/\/costumes-urbains.com\/?p=7850\" target=\"_blank\" rel=\"bookmark noopener noreferrer\">Costume Diana, s\u00e9rie \u00ab\u00a0V\u00a0\u00bb version 2: La combinaison rouge<\/a><\/span><\/h2>\n<p style=\"text-align: center;\"><span style=\"font-size: 14pt;\"><img loading=\"lazy\" decoding=\"async\" src=\"http:\/\/costumes-urbains.com\/wp-content\/uploads\/2019\/10\/received_693859894452161.jpeg\" width=\"444\" height=\"592\" \/><\/span><\/p>\n<p style=\"text-align: center;\"><span style=\"font-size: 14pt;\"><a href=\"https:\/\/costumes-urbains.com\/?p=9906\" target=\"_blank\" rel=\"noopener noreferrer\">Le shooting photo:<\/a><\/span><\/p>\n<p><span style=\"font-size: 14pt;\"><img loading=\"lazy\" decoding=\"async\" class=\"aligncenter\" src=\"https:\/\/costumes-urbains.com\/wp-content\/uploads\/2020\/12\/diana04-683x1024.jpg\" alt=\"\" width=\"640\" height=\"960\" \/><\/span><\/p>\n","protected":false},"excerpt":{"rendered":"<p>Il faut cliquer sur les Titres pour acc\u00e9der aux fiches d\u00e9taillant toute la\u00a0 r\u00e9alisation\u00a0 (liens rapides) \u00e9tape par \u00e9tape du costume Costume Diana, s\u00e9rie \u00ab\u00a0V\u00a0\u00bb version 2: L\u2019overlay Costume Diana, s\u00e9rie \u00ab\u00a0V\u00a0\u00bb version 2: La combinaison rouge Le shooting photo:<\/p>\n","protected":false},"author":1,"featured_media":0,"parent":0,"menu_order":0,"comment_status":"closed","ping_status":"closed","template":"","meta":{"jetpack_post_was_ever_published":false,"footnotes":""},"class_list":["post-8487","page","type-page","status-publish","hentry"],"jetpack_sharing_enabled":true,"jetpack_likes_enabled":true,"_links":{"self":[{"href":"https:\/\/costumes-urbains.com\/index.php?rest_route=\/wp\/v2\/pages\/8487","targetHints":{"allow":["GET"]}}],"collection":[{"href":"https:\/\/costumes-urbains.com\/index.php?rest_route=\/wp\/v2\/pages"}],"about":[{"href":"https:\/\/costumes-urbains.com\/index.php?rest_route=\/wp\/v2\/types\/page"}],"author":[{"embeddable":true,"href":"https:\/\/costumes-urbains.com\/index.php?rest_route=\/wp\/v2\/users\/1"}],"replies":[{"embeddable":true,"href":"https:\/\/costumes-urbains.com\/index.php?rest_route=%2Fwp%2Fv2%2Fcomments&post=8487"}],"version-history":[{"count":4,"href":"https:\/\/costumes-urbains.com\/index.php?rest_route=\/wp\/v2\/pages\/8487\/revisions"}],"predecessor-version":[{"id":10313,"href":"https:\/\/costumes-urbains.com\/index.php?rest_route=\/wp\/v2\/pages\/8487\/revisions\/10313"}],"wp:attachment":[{"href":"https:\/\/costumes-urbains.com\/index.php?rest_route=%2Fwp%2Fv2%2Fmedia&parent=8487"}],"curies":[{"name":"wp","href":"https:\/\/api.w.org\/{rel}","templated":true}]}}